 - (-2)/9. Is (4 - r) + (-204)/(-4) a composite number?
False
Let g = 92 + -25. Is g prime?
True
Is (-2)/8 - (-2223)/12 prime?
False
Suppose -i + 5*i - 88 = 0. Suppose -2*v - 14 = -s - s, s = -4*v + i. Let d = s + 23. Is d composite?
True
Suppose 2*x - 5 = -1. Suppose 0 = -5*t + 20, 5*r - 107 + 14 = -2*t. Let b = x + r. Is b composite?
False
Let j = 13 + -8. Suppose -5*o = 4*b - 26, 0 = -0*b - 3*b + 12. Suppose -o*s + j + 293 = 0. Is s a composite number?
False
Let z = -4 - -9. Let t(d) = 9*d**2 + 12*d + 21. Let c(p) = 5*p**2 + 6*p + 11. Let r(x) = -11*c(x) + 6*t(x). Is r(z) composite?
True
Let v = 11 - -5. Suppose i = 27 + v. Is i composite?
False
Let r = -384 - 73. Let h = -224 - r. Is h composite?
False
Let k(c) = 77*c. Let q(o) = o**2 - 9*o. Let v be q(9). Suppose -4*u - 2*r + 14 = v, 2*r - 1 = 5*u + 4. Is k(u) prime?
False
Let t = -211 - -358. Suppose 2*h = 83 + t. Is h prime?
False
Let l(n) = -78*n + 1. Let p be 2 - (18/3 - 2). Is l(p) a composite number?
False
Let v(a) = -a + 4. Let n be v(0). Suppose -1 = -4*j + 5*j - n*c, 5*j - 25 = 5*c. Let z = 0 + j. Is z a prime number?
True
Suppose -2*i + 6*i - 36 = 0. Let x = -4 + i. Suppose 121 = x*p + 4*w, 3*p + w = 7*p - 80. Is p prime?
False
Suppose -39 = 4*j - 495. Suppose -2*s + 5*s = j. Is s a composite number?
True
Suppose 2*v - 5*w = 402, 4*v - 5*w - 975 = -v. Is v a prime number?
True
Let z be (-40)/(-22) + (-8)/(-44). Is z/3 + (-2130)/(-18) prime?
False
Let r be 1/(1/(0 - -2)). Let t be 315/(-4) - r/8. Let x = t + 132. Is x a prime number?
True
Let k(h) = -2*h**3 - h - 5. Let y(w) = w**2 + 10*w + 12. Let s be y(-8). Is k(s) a prime number?
True
Let l(q) = 28*q**2 + 2*q. Let b be l(-3). Suppose 5*n - b + 85 = i, -5*n + 185 = 5*i. Is n prime?
False
Suppose 39 = 3*o - 4*k + 608, o = -2*k - 203. Is (-2)/3*o/2 composite?
True
Is (1521/(-4) - (-4)/(-16))*-2 a prime number?
True
Suppose -5*q = -25, 3*b + 503 = -3*q + 2405. Suppose -3*c + b = 5*v, 5*c = v - 0*v - 137. Is v composite?
False
Suppose t = 5*h + 2*t - 2484, -5*h - 3*t = -2482. Is h composite?
True
Let r(l) = -4*l**3 - 5*l**2 - 3*l + 3. Is r(-4) prime?
True
Let i = 28 + -72. Let l = -23 - i. Is l prime?
False
Let l = 1164 - 173. Is l a prime number?
True
Suppose -4*q = q + 2*x - 6057, -4*x - 1229 = -q. Is q a composite number?
False
Suppose -4*b + 0*b + 196 = 0. Is b prime?
False
Let g(l) = l**3 - 15*l**2 + 14*l + 4. Let b be g(14). Is (-5 + b)*(1 - 746) prime?
False
Suppose -3*h + 44097 = -0*h + 3*u, h - 14699 = -5*u. Is h a composite number?
False
Suppose 0*f = f + 4. Let a = f + 2. Is (-739)/(-11) + a/11 prime?
True
Is 151/7 - (-4)/(-7) a prime number?
False
Let i = 1 - 0. Let k be (-3)/(-1) - 18/6. Is (k + i)*(60 + -1) composite?
False
Let d(o) = 19*o**2 - 5*o + 1. Is d(-3) a composite number?
True
Let b = -605 - -987. Is b a composite number?
True
Suppose 4*o - 31 = -p, p - 6*p + 105 = -5*o. Is p composite?
False
Let v(c) = c - 4. Let j be v(7). Suppose j*p + 1 = -4*a + 5, 4*a = 3*p - 44. Is 2/3*3948/p a composite number?
True
Let y(w) = 147*w - 52. Is y(17) prime?
True
Let j = 2739 + 944. Is j composite?
True
Let v = 832 - -45. Is v prime?
True
Let i(s) = -3 + 3 + 7*s + 6*s. Is i(1) prime?
True
Let q be (-10)/(-4)*(1 + 33). Suppose -p - 4*v = 12 + 11, -q = 3*p + 4*v. Is (-3)/9*0 - p a composite number?
False
Is 3*(-356)/(-3)*(-7)/(-28) a composite number?
False
Let t(i) = -i**2 + 8*i - 6. Let o be t(5). Suppose 11 = 2*l - o. Is 21*(l/3 + -1) composite?
True
Let s be 2*386/2 + -1. Suppose 6*p = p + s. Is p prime?
False
Suppose 2*j = -j + 207. Is j a prime number?
False
Let g = 9 - 7. Suppose 1161 = 5*y + g*a, 3*y - 3*a = -0*a + 705. Is y a prime number?
True
Suppose 19*v - 11186 = 5*v. Is v prime?
False
Let t = -475 + 975. Suppose 0 = -4*z + 4*b + t, -z + 5*b = 3*z - 498. Is z prime?
True
Let h(d) = 21*d**3 + d - 2 + 5*d**3 + 3 + d**2 + 0*d. Let o be h(-1). Let j = o + 35. Is j prime?
False
Suppose 2 = -2*k + 4. Let g be 1/(k + 66/(-69)). Let j = 60 - g. Is j a prime number?
True
Suppose -a + 2*a - 319 = 0. Suppose 5*y + m - 1053 = 0, 2*y - 95 - a = -4*m. Is y prime?
True
Let c(x) = 266*x**2 + x. Is c(-1) a composite number?
True
Suppose -q + 998 + 843 = 0. Is q a prime number?
False
Let x(o) = -o**3 - 17*o**2 - o - 15. Let w be x(-17). Suppose 4*p + 139 = 5*p + 3*f, 2*p = w*f + 278. Is p a composite number?
False
Is (2/(-3))/(((-2)/3531)/1) a prime number?
False
Suppose x + 2*x = 3, 2*f - 790 = 4*x. Is f a composite number?
False
Let p = -900 - -1571. Is p composite?
True
Let l = 85 + -54. Is l a prime number?
True
Suppose 4*g + g - 20 = 0. Suppose n - 1300 = -g*n. Suppose 0 = -5*z + 3*q + n, -z = -3*z - 5*q + 135. Is z a composite number?
True
Is ((-502)/4)/((-2)/4) prime?
True
Let n be (-112)/49 + 4/14. Let i = n + 3. Is (-2 - -53) + (3 - i) prime?
True
Let c = 271 + -105. Is c composite?
True
Let x(b) = b**2 - 5. Let t be (1/3)/(1/18). Is x(t) a prime number?
True
Suppose 5*t = 2*t. Suppose 5*q - 1023 = -t*q - 4*y, 398 = 2*q - 4*y. Is q prime?
False
Suppose -6*u - 11838 = -12*u. Is u a composite number?
False
Let h(z) = z**2 + 7*z + 2. Let u be h(-7). Suppose 0 = d + d + l - 72, -u*l - 152 = -4*d. Is d a prime number?
True
Let c(b) = b - 2. Let d be c(3). Let j(r) = 2 + 54*r + 1 - d - 3. Is j(1) a prime number?
True
Let t(w) = -14*w - 5. Let z(r) = -r - 6. Let q be z(0). Is t(q) composite?
False
Let s be (-100)/(-26) + (-8)/(-52). Let d be 28/6 + (-6)/9. Suppose -7*c - s*l = -4*c - 54, 2*c - d*l = 56. Is c a composite number?
True
Let r be (42/9)/(2/(-15)). Is 10/r - (-597)/7 a prime number?
False
Suppose -2*c = 4*j, -27 = -2*c - j + 6*j. Suppose -3*v - c = -v, -281 = -2*k - v. Is k composite?
True
Suppose -j + 34 + 167 = 0. Is j a prime number?
False
Let h be 685/3 - (-4)/6. Let x = h - 162. Is x a composite number?
False
Let v(y) = y**2 - 2*y - 2. Let i be (-1 + -9)/(-1 - 1). Is v(i) composite?
False
Let g(p) = p + 12. Let r be g(-8). Let v = 7 - r. Is v a composite number?
False
Let o(y) = y**3 + 4*y**2 - 6*y - 3. Let v be o(-5). Is 3*v/((-18)/(-489)) a prime number?
True
Let m(n) = 367*n**3 - n**2 + n - 1. Is m(2) composite?
True
Let g(n) = n**3 + 9*n**2 - 5*n - 6. Let m = -7 + -2. Is g(m) composite?
True
Suppose 3*l - 2*t = 454 + 2493, l - 964 = -3*t. Is l a composite number?
True
Let o = -22 + -25. Let k = o - -210. Is k a composite number?
False
Let w(z) = 82*z**2 - 3*z - 1. Let a be w(-2). Suppose -2*q - 4*s + 9*s + a = 0, -3*s + 194 = q. Is q composite?
False
Let k = -3 + 8. Suppose 0 = -k*q + 12 - 2. Suppose q*u - 5*u = -39. Is u prime?
True
Let u be 2/(-4) - 3/(-6). Suppose 2*y + y = u. Suppose 5*o + y*o = 175. Is o prime?
False
Suppose -3*i + 91 = -2*i. Is i a prime number?
False
Let g(h) = h + 21. Let t be g(-10). Let s = t + -8. Is s/(-12) - 309/(-4) a prime number?
False
Let r = -2137 - -4574. Is r a prime number?
True
Let s(a) = 2*a - 4. Let g be s(4). Is 155/g - 5/(-20) composite?
True
Let n = 175 + 16. Is n a composite number?
False
Let x(k) = 2*k - 7. Let v be x(5). Suppose v*h - 2*h = 211. Is h prime?
True
Let u(k) = 189*k + 1. Let j(r) = r**2 + 7*r + 2. Let o be j(-7). Is u(o) composite?
False
Let q = -370 + 668. Is q a prime number?
False
Suppose -d + 713 = x, 5*x + 3*d - 3565 = 6*d. Is x composite?
True
Let c = 47 - -219. Suppose -4*o = -2*o - c. Is o a prime number?
False
Let k(t) = 22*t + 6. Let n be k(6). Let v = -3 + 7. Suppose -v*l = -9*l + 2*r + 126, 5*l - n = -4*r. Is l a prime number?
False
Suppose 0 = -2*c + h + 10, c - 15 - 12 = -5*h. Suppose 120 = g + 3*a, c*a = g + 3*a - 99. Is g a prime number?
False
Let l(t) = 4*t**2 - 3*t + 2. Let o be l(5). Let m = -4 + o. Is m a prime number?
True
Suppose -44*r + 41*r + 6 = 0. Is r a prime number?
True
Suppose 12*u + 31 = 13*u. Is u a composite number?
False
Let y be -2 + -3273 + -1 + 0. Let p be y/(-49) + (-1)/(-7). Suppose -4*l = -3*l - p. Is l a prime number?
True
Let x = 5 + -2. Suppose -o - 4 = -x. Is 2 + (o - (-10)/1) composite?
False
Let u(l) = 590*l**3 - 2*l + 1. Is u(1) composite?
True
Suppose 434 = j - 4*u, 0*j - 4*u = 3*j - 1382. Is j a prime number?
False
Let u = -251 + 882. Is u prime?
True
Suppose 4*k - 393 = -3*h + 463, 0 = h - 4. Is k a prime number?
True
Let b = 6 + -3. Suppose -b*z + 0*z - 186 = 0. Let w = z - -121. Is w prime?
